{"id":663,"date":"2026-03-04T16:14:13","date_gmt":"2026-03-04T15:14:13","guid":{"rendered":"https:\/\/helsesikkerhetsdagen.no\/2026\/?post_type=speaker&#038;p=663"},"modified":"2026-03-05T10:20:23","modified_gmt":"2026-03-05T09:20:23","slug":"terje-wistner","status":"publish","type":"speaker","link":"https:\/\/helsesikkerhetsdagen.no\/2026\/speaker\/terje-wistner\/","title":{"rendered":"Terje Wistner"},"content":{"rendered":"\n<p>Terje Wistner er avdelingsdirekt\u00f8r eHelse i Kommunenes organisasjon (KS) med 20 \u00e5rs erfaring fra digitalisering av legemiddelomr\u00e5det, samhandlingsl\u00f8sninger og felles journall\u00f8sninger. Han har arbeidet med eHelse siden helsereformen og da i og inn mot spesialist- og prim\u00e6rhelsetjenesten og den kommunale helse- og omsorgstjenesten. Terje deltar i flere nasjonale program- og prosjektstyrer inklusive digital samhandling, pasientens legemiddelliste, velferdsteknologi, kunstig intelligens i helsetjenestene og felles kommunal journal. I tillegg leder han Fag- og prioriteringsutvalget, et felles prioriteringsorgan p\u00e5 e-helseomr\u00e5det som er en del av den kommunale samstyringsmodellen.<\/p>\n\n\n\n<p>Terje er utdannet sivilingeni\u00f8r i luft- og romfartssystemer (med 8 \u00e5rs erfaring fra romfarts- og satellittnettverksomr\u00e5det) og med mastere i b\u00e5de Business Administration (MBA) og Technology Management (MTM).<\/p>\n\n\n\n<p>P\u00e5 Helsesikkerhetsdagen skal Terje snakke om <strong>beredskap &#8211; kommunen i frontlinjen:<\/strong><\/p>\n\n\n\n<p>Kommune-Norge g\u00e5r gjennom en heftig digitaliseringsb\u00f8lge, med nye EPJ-er, velferdsteknologi, kunstig intelligens og digital hjemmeoppf\u00f8lging. Samtidig tildeles de store oppgaver i kriser og krig. Hvor st\u00e5r norske kommuner og hvordan h\u00e5ndterer de usikkerheten som ligger i dagens utfordringer, uten at innvoasjonen stopper opp?<\/p>\n","protected":false},"excerpt":{"rendered":"<p>Terje Wistner er avdelingsdirekt\u00f8r eHelse i Kommunenes organisasjon (KS) med 20 \u00e5rs erfaring fra digitalisering av legemiddelomr\u00e5det, samhandlingsl\u00f8sninger og felles journall\u00f8sninger. Han har arbeidet med eHelse siden helsereformen og da i og inn mot spesialist- og prim\u00e6rhelsetjenesten og den kommunale helse- og omsorgstjenesten. Terje deltar i flere nasjonale program- og prosjektstyrer inklusive digital samhandling, pasientens&hellip;<\/p>\n","protected":false},"featured_media":665,"menu_order":0,"template":"","class_list":["post-663","speaker","type-speaker","status-publish","has-post-thumbnail","hentry"],"acf":[],"_links":{"self":[{"href":"https:\/\/helsesikkerhetsdagen.no\/2026\/wp-json\/wp\/v2\/speaker\/663","targetHints":{"allow":["GET"]}}],"collection":[{"href":"https:\/\/helsesikkerhetsdagen.no\/2026\/wp-json\/wp\/v2\/speaker"}],"about":[{"href":"https:\/\/helsesikkerhetsdagen.no\/2026\/wp-json\/wp\/v2\/types\/speaker"}],"wp:featuredmedia":[{"embeddable":true,"href":"https:\/\/helsesikkerhetsdagen.no\/2026\/wp-json\/wp\/v2\/media\/665"}],"wp:attachment":[{"href":"https:\/\/helsesikkerhetsdagen.no\/2026\/wp-json\/wp\/v2\/media?parent=663"}],"curies":[{"name":"wp","href":"https:\/\/api.w.org\/{rel}","templated":true}]}}

<p>Terje Wistner er avdelingsdirektør eHelse i Kommunenes organisasjon (KS) med 20 års erfaring fra digitalisering av legemiddelområdet, samhandlingsløsninger og felles journalløsninger. Han har arbeidet med eHelse siden helsereformen og da i og inn mot spesialist- og primærhelsetjenesten og den kommunale helse- og omsorgstjenesten. Terje deltar i flere nasjonale program- og prosjektstyrer inklusive digital samhandling, pasientens legemiddelliste, velferdsteknologi, kunstig intelligens i helsetjenestene og felles kommunal journal. I tillegg leder han Fag- og prioriteringsutvalget, et felles prioriteringsorgan på e-helseområdet som er en del av den kommunale samstyringsmodellen.</p>



<p>Terje er utdannet sivilingeniør i luft- og romfartssystemer (med 8 års erfaring fra romfarts- og satellittnettverksområdet) og med mastere i både Business Administration (MBA) og Technology Management (MTM).</p>



<p>På Helsesikkerhetsdagen skal Terje snakke om <strong>beredskap &#8211; kommunen i frontlinjen:</strong></p>



<p>Kommune-Norge går gjennom en heftig digitaliseringsbølge, med nye EPJ-er, velferdsteknologi, kunstig intelligens og digital hjemmeoppfølging. Samtidig tildeles de store oppgaver i kriser og krig. Hvor står norske kommuner og hvordan håndterer de usikkerheten som ligger i dagens utfordringer, uten at innvoasjonen stopper opp?</p>

<p>Terje Wistner er avdelingsdirektør eHelse i Kommunenes organisasjon (KS) med 20 års erfaring fra digitalisering av legemiddelområdet, samhandlingsløsninger og felles journalløsninger. Han har arbeidet med eHelse siden helsereformen og da i og inn mot spesialist- og primærhelsetjenesten og den kommunale helse- og omsorgstjenesten. Terje deltar i flere nasjonale program- og prosjektstyrer inklusive digital samhandling, pasientens&hellip;</p>
