{"id":618,"date":"2026-02-23T14:52:59","date_gmt":"2026-02-23T13:52:59","guid":{"rendered":"https:\/\/helsesikkerhetsdagen.no\/2026\/?post_type=speaker&#038;p=618"},"modified":"2026-03-05T10:23:06","modified_gmt":"2026-03-05T09:23:06","slug":"jan-christian-vestre","status":"publish","type":"speaker","link":"https:\/\/helsesikkerhetsdagen.no\/2026\/speaker\/jan-christian-vestre\/","title":{"rendered":"Jan Christian Vestre"},"content":{"rendered":"\n<p>Helse- og omsorgsminister Jan Christian Vestre inntok rollen sin v\u00e5ren 2024. F\u00f8r det var han n\u00e6ringsminister fra 2021 til 2024, i 2023 ble han valgt til nestleder i Arbeiderpartiet.<\/p>\n\n\n\n<p>Hans politiske engasjement startet tidlig, og han har hatt flere sentrale roller i AUF. Vestre overlevde terrorangrepet p\u00e5 Ut\u00f8ya 22. juli 2011 og ledet senere arbeidet med gjenoppbyggingen av \u00f8ya som styreleder fra 2013 til 2017.<\/p>\n\n\n\n<p>Som n\u00e6ringsminister var han en tydelig stemme for gr\u00f8nn industriutvikling og for \u00e5 styrke norske eksportn\u00e6ringer. Eksportfokuset har han tatt med videre til hans rolle som helseminister, og setter et h\u00e5rete m\u00e5l om at Norge skal ha verdens beste helsevesen.<\/p>\n\n\n\n<p><a href=\"https:\/\/helsedatadagen.no\/2026\/speaker\/jan-christian-vestre\/\">Jan Christian Vestre snakker ogs\u00e5 p\u00e5 Helsedatadagen 2026 -><\/a><\/p>\n","protected":false},"excerpt":{"rendered":"<p>Helse- og omsorgsminister Jan Christian Vestre inntok rollen sin v\u00e5ren 2024. F\u00f8r det var han n\u00e6ringsminister fra 2021 til 2024, i 2023 ble han valgt til nestleder i Arbeiderpartiet. Hans politiske engasjement startet tidlig, og han har hatt flere sentrale roller i AUF. Vestre overlevde terrorangrepet p\u00e5 Ut\u00f8ya 22. juli 2011 og ledet senere arbeidet&hellip;<\/p>\n","protected":false},"featured_media":619,"menu_order":0,"template":"","class_list":["post-618","speaker","type-speaker","status-publish","has-post-thumbnail","hentry"],"acf":[],"_links":{"self":[{"href":"https:\/\/helsesikkerhetsdagen.no\/2026\/wp-json\/wp\/v2\/speaker\/618","targetHints":{"allow":["GET"]}}],"collection":[{"href":"https:\/\/helsesikkerhetsdagen.no\/2026\/wp-json\/wp\/v2\/speaker"}],"about":[{"href":"https:\/\/helsesikkerhetsdagen.no\/2026\/wp-json\/wp\/v2\/types\/speaker"}],"wp:featuredmedia":[{"embeddable":true,"href":"https:\/\/helsesikkerhetsdagen.no\/2026\/wp-json\/wp\/v2\/media\/619"}],"wp:attachment":[{"href":"https:\/\/helsesikkerhetsdagen.no\/2026\/wp-json\/wp\/v2\/media?parent=618"}],"curies":[{"name":"wp","href":"https:\/\/api.w.org\/{rel}","templated":true}]}}

<p>Helse- og omsorgsminister Jan Christian Vestre inntok rollen sin våren 2024. Før det var han næringsminister fra 2021 til 2024, i 2023 ble han valgt til nestleder i Arbeiderpartiet.</p>



<p>Hans politiske engasjement startet tidlig, og han har hatt flere sentrale roller i AUF. Vestre overlevde terrorangrepet på Utøya 22. juli 2011 og ledet senere arbeidet med gjenoppbyggingen av øya som styreleder fra 2013 til 2017.</p>



<p>Som næringsminister var han en tydelig stemme for grønn industriutvikling og for å styrke norske eksportnæringer. Eksportfokuset har han tatt med videre til hans rolle som helseminister, og setter et hårete mål om at Norge skal ha verdens beste helsevesen.</p>



<p><a href="https://helsedatadagen.no/2026/speaker/jan-christian-vestre/">Jan Christian Vestre snakker også på Helsedatadagen 2026 -></a></p>

<p>Helse- og omsorgsminister Jan Christian Vestre inntok rollen sin våren 2024. Før det var han næringsminister fra 2021 til 2024, i 2023 ble han valgt til nestleder i Arbeiderpartiet. Hans politiske engasjement startet tidlig, og han har hatt flere sentrale roller i AUF. Vestre overlevde terrorangrepet på Utøya 22. juli 2011 og ledet senere arbeidet&hellip;</p>
