{"id":274,"date":"2023-03-07T10:21:02","date_gmt":"2023-03-07T09:21:02","guid":{"rendered":"https:\/\/helsesikkerhetsdagen.no\/2023\/?page_id=272"},"modified":"2025-03-28T15:11:05","modified_gmt":"2025-03-28T14:11:05","slug":"praktisk-info","status":"publish","type":"page","link":"https:\/\/helsesikkerhetsdagen.no\/2025\/praktisk-info\/","title":{"rendered":"Praktisk info"},"content":{"rendered":"\n<h1>\n\t\tPraktisk informasjon\n\t<\/h1>\n\t<strong>Dato:<\/strong> 2. april 2025<br \/>\n<strong>Tid:<\/strong>\u00a0kl 9:00-17:00.\u00a0<strong>Registrering<\/strong> fra kl 08:00<br \/>\n<strong>Sted:<\/strong> Legenes hus, Christiania Torv 5, 0158 Oslo<br \/>\n<strong>Konferanserom:<\/strong> Eyr og Hippokrates, 2. etg.\n<p><strong>Transport:<\/strong><\/p>\n<p>Kollektivt ligger Christiania torv sv\u00e6rt sentralt. Mange bussruter stopper ved Wessels plass, som ligger et par kvartaler unna Legenes hus. N\u00e6rmeste trikkestopp er \u00d8vre Slottsgate, som ogs\u00e5 ligger noen hundre meter fra. Like ved trikkestoppet ligger Stortinget T-banestasjon. Alle linjer stopper der.<\/p>\n<p><strong>Sp\u00f8rsm\u00e5l: <\/strong>Kontakt <a href=\"mailto:helsesikkerhetsdagen@ehin.no\">helsesikkerhetsdagen@ehin.no<\/a><\/p>\n\t<iframe src=\"https:\/\/www.google.com\/maps\/embed\/v1\/place?q=Legenes+hus&#038;key=AIzaSyD09zQ9PNDNNy9TadMuzRV_UsPUoWKntt8\" aria-hidden=\"true\" title=\"Legenes hus, Christiania Torv 5, 0158 Oslo\"><\/iframe>\n\n","protected":false},"excerpt":{"rendered":"<p>Praktisk informasjon Dato: 2. april 2025 Tid:\u00a0kl 9:00-17:00.\u00a0Registrering fra kl 08:00 Sted: Legenes hus, Christiania Torv 5, 0158 Oslo Konferanserom: Eyr og Hippokrates, 2. etg. Transport: Kollektivt ligger Christiania torv sv\u00e6rt sentralt. Mange bussruter stopper ved Wessels plass, som ligger et par kvartaler unna Legenes hus. N\u00e6rmeste trikkestopp er \u00d8vre Slottsgate, som ogs\u00e5 ligger noen&hellip;<\/p>\n","protected":false},"author":2,"featured_media":0,"parent":0,"menu_order":0,"comment_status":"closed","ping_status":"closed","template":"","meta":{"_acf_changed":false,"footnotes":""},"class_list":["post-274","page","type-page","status-publish","hentry"],"acf":[],"_links":{"self":[{"href":"https:\/\/helsesikkerhetsdagen.no\/2025\/wp-json\/wp\/v2\/pages\/274","targetHints":{"allow":["GET"]}}],"collection":[{"href":"https:\/\/helsesikkerhetsdagen.no\/2025\/wp-json\/wp\/v2\/pages"}],"about":[{"href":"https:\/\/helsesikkerhetsdagen.no\/2025\/wp-json\/wp\/v2\/types\/page"}],"author":[{"embeddable":true,"href":"https:\/\/helsesikkerhetsdagen.no\/2025\/wp-json\/wp\/v2\/users\/2"}],"replies":[{"embeddable":true,"href":"https:\/\/helsesikkerhetsdagen.no\/2025\/wp-json\/wp\/v2\/comments?post=274"}],"version-history":[{"count":4,"href":"https:\/\/helsesikkerhetsdagen.no\/2025\/wp-json\/wp\/v2\/pages\/274\/revisions"}],"predecessor-version":[{"id":497,"href":"https:\/\/helsesikkerhetsdagen.no\/2025\/wp-json\/wp\/v2\/pages\/274\/revisions\/497"}],"wp:attachment":[{"href":"https:\/\/helsesikkerhetsdagen.no\/2025\/wp-json\/wp\/v2\/media?parent=274"}],"curies":[{"name":"wp","href":"https:\/\/api.w.org\/{rel}","templated":true}]}}