{"id":378,"date":"2023-04-14T11:21:31","date_gmt":"2023-04-14T09:21:31","guid":{"rendered":"https:\/\/helsesikkerhetsdagen.no\/2023\/?post_type=speaker&#038;p=378"},"modified":"2023-05-02T16:42:39","modified_gmt":"2023-05-02T14:42:39","slug":"aasta-hetland","status":"publish","type":"speaker","link":"https:\/\/helsesikkerhetsdagen.no\/2023\/speaker\/aasta-hetland\/","title":{"rendered":"Aasta Hetland"},"content":{"rendered":"\n<p class=\"has-black-color has-text-color\"><strong>Aasta Margrethe Hetland<\/strong> er seniorr\u00e5dgiver og jurist i Direktoratet for e-helse og leder for sekretariatet for Normen; Norm for informasjonssikkerhet og personvern i helse- og omsorgssektoren. Hun har ogs\u00e5 bakgrunn fra Oslo kommune som blant annet leder, jurist og personvernombud. Aasta har god kompetanse p\u00e5 digitalisering, teknologi, informasjonssikkerhet, personvern, prosjektledelse- og metodikk, kompetanseheving og omr\u00e5der innen helse som blant annet kunstig intelligens og velferdsteknologi. Aasta er en meget erfaren og engasjerende foredragsholder.<\/p>\n","protected":false},"excerpt":{"rendered":"<p>Aasta Margrethe Hetland er seniorr\u00e5dgiver og jurist i Direktoratet for e-helse og leder for sekretariatet for Normen; Norm for informasjonssikkerhet og personvern i helse- og omsorgssektoren. Hun har ogs\u00e5 bakgrunn fra Oslo kommune som blant annet leder, jurist og personvernombud. Aasta har god kompetanse p\u00e5 digitalisering, teknologi, informasjonssikkerhet, personvern, prosjektledelse- og metodikk, kompetanseheving og omr\u00e5der&hellip;<\/p>\n","protected":false},"featured_media":379,"menu_order":0,"template":"","class_list":["post-378","speaker","type-speaker","status-publish","has-post-thumbnail","hentry"],"acf":[],"_links":{"self":[{"href":"https:\/\/helsesikkerhetsdagen.no\/2023\/wp-json\/wp\/v2\/speaker\/378","targetHints":{"allow":["GET"]}}],"collection":[{"href":"https:\/\/helsesikkerhetsdagen.no\/2023\/wp-json\/wp\/v2\/speaker"}],"about":[{"href":"https:\/\/helsesikkerhetsdagen.no\/2023\/wp-json\/wp\/v2\/types\/speaker"}],"wp:featuredmedia":[{"embeddable":true,"href":"https:\/\/helsesikkerhetsdagen.no\/2023\/wp-json\/wp\/v2\/media\/379"}],"wp:attachment":[{"href":"https:\/\/helsesikkerhetsdagen.no\/2023\/wp-json\/wp\/v2\/media?parent=378"}],"curies":[{"name":"wp","href":"https:\/\/api.w.org\/{rel}","templated":true}]}}

<p class="has-black-color has-text-color"><strong>Aasta Margrethe Hetland</strong> er seniorrådgiver og jurist i Direktoratet for e-helse og leder for sekretariatet for Normen; Norm for informasjonssikkerhet og personvern i helse- og omsorgssektoren. Hun har også bakgrunn fra Oslo kommune som blant annet leder, jurist og personvernombud. Aasta har god kompetanse på digitalisering, teknologi, informasjonssikkerhet, personvern, prosjektledelse- og metodikk, kompetanseheving og områder innen helse som blant annet kunstig intelligens og velferdsteknologi. Aasta er en meget erfaren og engasjerende foredragsholder.</p>

<p>Aasta Margrethe Hetland er seniorrådgiver og jurist i Direktoratet for e-helse og leder for sekretariatet for Normen; Norm for informasjonssikkerhet og personvern i helse- og omsorgssektoren. Hun har også bakgrunn fra Oslo kommune som blant annet leder, jurist og personvernombud. Aasta har god kompetanse på digitalisering, teknologi, informasjonssikkerhet, personvern, prosjektledelse- og metodikk, kompetanseheving og områder&hellip;</p>
