{"id":273,"date":"2023-03-07T10:21:09","date_gmt":"2023-03-07T09:21:09","guid":{"rendered":"https:\/\/helsesikkerhetsdagen.no\/2023\/?page_id=273"},"modified":"2023-05-22T11:24:47","modified_gmt":"2023-05-22T09:24:47","slug":"bli-partner","status":"publish","type":"page","link":"https:\/\/helsesikkerhetsdagen.no\/2023\/bli-partner\/","title":{"rendered":"Bli partner"},"content":{"rendered":"\n<h1>\n\t\tVil du bli partner p\u00e5 Helsesikkerhetsdagen 2023?\n\t<\/h1>\n\t\t\t\t<img loading=\"lazy\" decoding=\"async\" src=\"https:\/\/helsesikkerhetsdagen.no\/2023\/wp-content\/uploads\/sites\/2\/2023\/03\/Partner-pa-Helsesikkerhetsdagen-banner.png\" alt=\"Partner-pa-Helsesikkerhetsdagen-banner\" height=\"600\" width=\"1200\" title=\"Partner-pa-Helsesikkerhetsdagen-banner\">\n<h3>\n\t\tDagskonferanse 31. mai\n\t<\/h3>\n\t<p>Bli med p\u00e5 \u00e5rets happening innen helsesikkerhet! Sikkerhet i helse er ikke bare en n\u00f8dvendighet, men en grunnleggende verdi i de nordiske landene. Vi er stolte av \u00e5 presentere Helsesikkerhetsdagen, en eksklusiv begivenhet som bringer sammen de mest fremtredende helseeksperter og teknologiledere fra hele Norden. Dette er den perfekte plattformen for \u00e5 diskutere de strategiske beslutningene som trengs for \u00e5 bevare sikkerheten og tilliten i helsesektoren, samtidig som vi tar i bruk de siste teknologiene og datainnsiktene.<\/p>\n<p>Som en partner p\u00e5 konferansen vil du f\u00e5 en eksklusiv mulighet til \u00e5 bygge relasjoner med ledende helseakt\u00f8rer og teknologiekspertise. Som partner vil du ogs\u00e5 f\u00e5 en plass til \u00e5 vise frem ditt eget produkt eller tjeneste i v\u00e5rt eksklusive utstillingsomr\u00e5de.<\/p>\n<p>Ikke g\u00e5 glipp av denne unike muligheten til \u00e5 v\u00e6re med p\u00e5 fremtiden til helse- og sikkerhetssektoren. Kontakt <a href=\"mailto:Elisabeth.kras@ehin.no\">elisabeth.kras@ehin.no<\/a> n\u00e5 for \u00e5 sikre din partnerskapsplass. N\u00e5r kontrakten er signert, vil v\u00e5rt EHiN-team ta deg gjennom planleggingen av beliggenheten p\u00e5 standen din. Vi ser frem til \u00e5 se deg der!<\/p>\n<p>&nbsp;<\/p>\n<p><em>(Info om rigging kommer)<\/em><\/p>\n<p><strong>Vi ses p\u00e5 Helsesikkerhetsdagen 31. mai 2023!<\/strong><\/p>\n<h3>\n\t\tPartnerpakker for Helsesikkerhetsdagen\n\t<\/h3>\n\t<p><strong>Standardpakke:&nbsp;<\/strong><\/p>\nNOK 40 000 eks mva<br>\nTilgang til utstillerplass (st\u00f8rrelse avtales)<br>\nBidra med innhold i program under EHiNs redaksjon<br>\n2 deltakerbilletter<br>\nSynlighet p\u00e5 webside, nyhetsbrev og i all markedsf\u00f8ring rundt Helsesikkerhetsdagen\n<p>&nbsp;<\/p>\n<p><strong>For Hel\u00e5rspartnere:&nbsp;<\/strong><\/p>\nNOK 20 000 eks mva<br>\nPrioritert partner mht tilgang til utstillerplass (st\u00f8rrelse avtales)<br>\nPrioritert partner mht \u00e5 bidra med innhold i program under EHiNs redaksjon<br>\n2 deltakerbilletter<br>\nSynlighet p\u00e5 webside, nyhetsbrev og i all markedsf\u00f8ring rundt Helsesikkerhetsdagen\n<p>Kontakt <a href=\"mailto:Elisabeth.kras@ehin.no\">elisabeth.kras@ehin.no<\/a><\/p>\n<p>Se andre fordeler for hel\u00e5rspartnere her:&nbsp;<a href=\"https:\/\/ehin.no\/2023\/bli-partner\/\">EHIN 2023<\/a><\/p>\n","protected":false},"excerpt":{"rendered":"<p>Vil du bli partner p\u00e5 Helsesikkerhetsdagen 2023? Dagskonferanse 31. mai Bli med p\u00e5 \u00e5rets happening innen helsesikkerhet! Sikkerhet i helse er ikke bare en n\u00f8dvendighet, men en grunnleggende verdi i de nordiske landene. Vi er stolte av \u00e5 presentere Helsesikkerhetsdagen, en eksklusiv begivenhet som bringer sammen de mest fremtredende helseeksperter og teknologiledere fra hele Norden.&hellip;<\/p>\n","protected":false},"author":2,"featured_media":0,"parent":0,"menu_order":0,"comment_status":"closed","ping_status":"closed","template":"","meta":{"_acf_changed":false,"footnotes":""},"class_list":["post-273","page","type-page","status-publish","hentry"],"acf":[],"_links":{"self":[{"href":"https:\/\/helsesikkerhetsdagen.no\/2023\/wp-json\/wp\/v2\/pages\/273","targetHints":{"allow":["GET"]}}],"collection":[{"href":"https:\/\/helsesikkerhetsdagen.no\/2023\/wp-json\/wp\/v2\/pages"}],"about":[{"href":"https:\/\/helsesikkerhetsdagen.no\/2023\/wp-json\/wp\/v2\/types\/page"}],"author":[{"embeddable":true,"href":"https:\/\/helsesikkerhetsdagen.no\/2023\/wp-json\/wp\/v2\/users\/2"}],"replies":[{"embeddable":true,"href":"https:\/\/helsesikkerhetsdagen.no\/2023\/wp-json\/wp\/v2\/comments?post=273"}],"version-history":[{"count":10,"href":"https:\/\/helsesikkerhetsdagen.no\/2023\/wp-json\/wp\/v2\/pages\/273\/revisions"}],"predecessor-version":[{"id":472,"href":"https:\/\/helsesikkerhetsdagen.no\/2023\/wp-json\/wp\/v2\/pages\/273\/revisions\/472"}],"wp:attachment":[{"href":"https:\/\/helsesikkerhetsdagen.no\/2023\/wp-json\/wp\/v2\/media?parent=273"}],"curies":[{"name":"wp","href":"https:\/\/api.w.org\/{rel}","templated":true}]}}