{"id":271,"date":"2023-03-07T10:20:55","date_gmt":"2023-03-07T09:20:55","guid":{"rendered":"https:\/\/helsesikkerhetsdagen.no\/2023\/?page_id=271"},"modified":"2023-04-25T09:56:14","modified_gmt":"2023-04-25T07:56:14","slug":"speakere","status":"publish","type":"page","link":"https:\/\/helsesikkerhetsdagen.no\/2023\/speakere\/","title":{"rendered":"Speakere"},"content":{"rendered":"\n<h1>\n\t\t\u00c5rets speakere\n\t<\/h1>\n\t<p>Her er \u00e5rets speakere!<\/p>\n<p><strong>Inge Kampenes<\/strong> kommer! Han er spesialr\u00e5dgiver i Advansia, og tidligere generalmajor og sjef for Cyberforsvaret i Norge. Han har omfattende erfaring med cyber- og informasjonssikkerhet i b\u00e5de stats- og samfunnsperspektiv<\/p>\n\t\t<a href=\"https:\/\/helsesikkerhetsdagen.no\/2023\/speaker\/aasta-hetland\/\" target=\"_self\" rel=\"noopener\"><\/a>\t\t\n\t\t\t\t\t\t\t\t\t\t\t\t\t\t<a href=\"https:\/\/helsesikkerhetsdagen.no\/2023\/speaker\/aasta-hetland\/\" target=\"_self\" title=\"Aasta Hetland\" rel=\"noopener\">\n\t\t\t\t<img decoding=\"async\" src=\"https:\/\/helsesikkerhetsdagen.no\/2023\/wp-content\/uploads\/sites\/2\/2023\/04\/Aasta-Hetland-e1681464086214.jpeg\" alt=\"\" \/>\n\t\t\t\t<\/a>\n\t\t\t\t\t\t<h3>\n\t\t\t\t<a href=https:\/\/helsesikkerhetsdagen.no\/2023\/speaker\/aasta-hetland\/ title=\"Aasta Hetland\" tabindex=\"0\">Aasta Hetland<\/a>\t\t\t<\/h3>\n\t\t\t\t\t\t\t\tAasta Margrethe Hetland er seniorr\u00e5dgiver og jurist i Direktoratet for e-helse og leder for sekretariatet for Normen; Norm &#8230;\n\t\t<a href=\"https:\/\/helsesikkerhetsdagen.no\/2023\/speaker\/bjorn-astad\/\" target=\"_self\" rel=\"noopener\"><\/a>\t\t\n\t\t\t\t\t\t\t\t\t\t\t\t\t\t<a href=\"https:\/\/helsesikkerhetsdagen.no\/2023\/speaker\/bjorn-astad\/\" target=\"_self\" title=\"Bj\u00f8rn Astad\" rel=\"noopener\">\n\t\t\t\t<img decoding=\"async\" src=\"https:\/\/helsesikkerhetsdagen.no\/2023\/wp-content\/uploads\/sites\/2\/2023\/03\/Bjorn-Astad.jpg\" alt=\"\" \/>\n\t\t\t\t<\/a>\n\t\t\t\t\t\t<h3>\n\t\t\t\t<a href=https:\/\/helsesikkerhetsdagen.no\/2023\/speaker\/bjorn-astad\/ title=\"Bj\u00f8rn Astad\" tabindex=\"0\">Bj\u00f8rn Astad<\/a>\t\t\t<\/h3>\n\t\t\t\t\t\t\t\tBj\u00f8rn er Spesialr\u00e5dgiver i Administrasjonsavdelingen, seksjon for internasjonalt samarbeid og beredskap, Helse og Omsorgsdepartementet.\n\t\t<a href=\"https:\/\/helsesikkerhetsdagen.no\/2023\/speaker\/inge-kampenes\/\" target=\"_self\" rel=\"noopener\"><\/a>\t\t\n\t\t\t\t\t\t\t\t\t\t\t\t\t\t<a href=\"https:\/\/helsesikkerhetsdagen.no\/2023\/speaker\/inge-kampenes\/\" target=\"_self\" title=\"Inge Kampenes\" rel=\"noopener\">\n\t\t\t\t<img decoding=\"async\" src=\"https:\/\/helsesikkerhetsdagen.no\/2023\/wp-content\/uploads\/sites\/2\/2023\/03\/Inge-Kampenes-2048x2048-1.jpg\" alt=\"\" \/>\n\t\t\t\t<\/a>\n\t\t\t\t\t\t<h3>\n\t\t\t\t<a href=https:\/\/helsesikkerhetsdagen.no\/2023\/speaker\/inge-kampenes\/ title=\"Inge Kampenes\" tabindex=\"0\">Inge Kampenes<\/a>\t\t\t<\/h3>\n\t\t\t\t\t\t\t\tInge Kampenes er spesialr\u00e5dgiver i Advansia. Han er tidligere generalmajor og sjef for Cyberforsvaret i Norge. I Cyberforsvaret &#8230;\n\t\t<a href=\"https:\/\/helsesikkerhetsdagen.no\/2023\/speaker\/jan-gunnar-broch\/\" target=\"_self\" rel=\"noopener\"><\/a>\t\t\n\t\t\t\t\t\t\t\t\t\t\t\t\t\t<a href=\"https:\/\/helsesikkerhetsdagen.no\/2023\/speaker\/jan-gunnar-broch\/\" target=\"_self\" title=\"Jan Gunnar Broch\" rel=\"noopener\">\n\t\t\t\t<img decoding=\"async\" src=\"https:\/\/helsesikkerhetsdagen.no\/2023\/wp-content\/uploads\/sites\/2\/2023\/04\/Jan-Gunnar-Broch-e1681464032802.jpg\" alt=\"\" \/>\n\t\t\t\t<\/a>\n\t\t\t\t\t\t<h3>\n\t\t\t\t<a href=https:\/\/helsesikkerhetsdagen.no\/2023\/speaker\/jan-gunnar-broch\/ title=\"Jan Gunnar Broch\" tabindex=\"0\">Jan Gunnar Broch<\/a>\t\t\t<\/h3>\n\t\t\t\t\t\t\t\tJan Gunnar leder seksjon informasjonssikkerhet i Direktoratet for e-helse og har ledet prosjektet som utarbeider strategien. Han har &#8230;\n\t\t<a href=\"https:\/\/helsesikkerhetsdagen.no\/2023\/speaker\/sverre-fossen\/\" target=\"_self\" rel=\"noopener\"><\/a>\t\t\n\t\t\t\t\t\t\t\t\t\t\t\t\t\t<a href=\"https:\/\/helsesikkerhetsdagen.no\/2023\/speaker\/sverre-fossen\/\" target=\"_self\" title=\"Sverre Fossen\" rel=\"noopener\">\n\t\t\t\t<img decoding=\"async\" src=\"https:\/\/helsesikkerhetsdagen.no\/2023\/wp-content\/uploads\/sites\/2\/2023\/03\/Sverre-Fossen-1.jpg\" alt=\"\" \/>\n\t\t\t\t<\/a>\n\t\t\t\t\t\t<h3>\n\t\t\t\t<a href=https:\/\/helsesikkerhetsdagen.no\/2023\/speaker\/sverre-fossen\/ title=\"Sverre Fossen\" tabindex=\"0\">Sverre Fossen<\/a>\t\t\t<\/h3>\n\t\t\t\t\t\t\t\tSverre Fossen er avdelingsdirekt\u00f8r Tjenesteforvaltning i Norsk helsenett.\n\t\t<a href=\"https:\/\/helsesikkerhetsdagen.no\/2023\/speaker\/trygve-skarning\/\" target=\"_self\" rel=\"noopener\"><\/a>\t\t\n\t\t\t\t\t\t\t\t\t\t\t\t\t\t<a href=\"https:\/\/helsesikkerhetsdagen.no\/2023\/speaker\/trygve-skarning\/\" target=\"_self\" title=\"Trygve Skarning\" rel=\"noopener\">\n\t\t\t\t<img decoding=\"async\" src=\"https:\/\/helsesikkerhetsdagen.no\/2023\/wp-content\/uploads\/sites\/2\/2023\/03\/Trygve-Skarning.jpg\" alt=\"\" \/>\n\t\t\t\t<\/a>\n\t\t\t\t\t\t<h3>\n\t\t\t\t<a href=https:\/\/helsesikkerhetsdagen.no\/2023\/speaker\/trygve-skarning\/ title=\"Trygve Skarning\" tabindex=\"0\">Trygve Skarning<\/a>\t\t\t<\/h3>\n\t\t\t\t\t\t\t\tTrygve Skarning er seniorr\u00e5dgiver informasjonssikkerhet hos Sykehuspartner HF.\n\n","protected":false},"excerpt":{"rendered":"<p>\u00c5rets speakere Her er \u00e5rets speakere! Inge Kampenes kommer! Han er spesialr\u00e5dgiver i Advansia, og tidligere generalmajor og sjef for Cyberforsvaret i Norge. Han har omfattende erfaring med cyber- og informasjonssikkerhet i b\u00e5de stats- og samfunnsperspektiv Aasta Hetland Aasta Margrethe Hetland er seniorr\u00e5dgiver og jurist i Direktoratet for e-helse og leder for sekretariatet for Normen;&hellip;<\/p>\n","protected":false},"author":2,"featured_media":0,"parent":0,"menu_order":0,"comment_status":"closed","ping_status":"closed","template":"","meta":{"_acf_changed":false,"footnotes":""},"class_list":["post-271","page","type-page","status-publish","hentry"],"acf":[],"_links":{"self":[{"href":"https:\/\/helsesikkerhetsdagen.no\/2023\/wp-json\/wp\/v2\/pages\/271","targetHints":{"allow":["GET"]}}],"collection":[{"href":"https:\/\/helsesikkerhetsdagen.no\/2023\/wp-json\/wp\/v2\/pages"}],"about":[{"href":"https:\/\/helsesikkerhetsdagen.no\/2023\/wp-json\/wp\/v2\/types\/page"}],"author":[{"embeddable":true,"href":"https:\/\/helsesikkerhetsdagen.no\/2023\/wp-json\/wp\/v2\/users\/2"}],"replies":[{"embeddable":true,"href":"https:\/\/helsesikkerhetsdagen.no\/2023\/wp-json\/wp\/v2\/comments?post=271"}],"version-history":[{"count":6,"href":"https:\/\/helsesikkerhetsdagen.no\/2023\/wp-json\/wp\/v2\/pages\/271\/revisions"}],"predecessor-version":[{"id":389,"href":"https:\/\/helsesikkerhetsdagen.no\/2023\/wp-json\/wp\/v2\/pages\/271\/revisions\/389"}],"wp:attachment":[{"href":"https:\/\/helsesikkerhetsdagen.no\/2023\/wp-json\/wp\/v2\/media?parent=271"}],"curies":[{"name":"wp","href":"https:\/\/api.w.org\/{rel}","templated":true}]}}

<h1>
		Årets speakere
	</h1>
	<p>Her er årets speakere!</p>
<p><strong>Inge Kampenes</strong> kommer! Han er spesialrådgiver i Advansia, og tidligere generalmajor og sjef for Cyberforsvaret i Norge. Han har omfattende erfaring med cyber- og informasjonssikkerhet i både stats- og samfunnsperspektiv</p>
		<a href="https://helsesikkerhetsdagen.no/2023/speaker/aasta-hetland/" target="_self" rel="noopener"></a>		
														<a href="https://helsesikkerhetsdagen.no/2023/speaker/aasta-hetland/" target="_self" title="Aasta Hetland" rel="noopener">
				<img decoding="async" src="https://helsesikkerhetsdagen.no/2023/wp-content/uploads/sites/2/2023/04/Aasta-Hetland-e1681464086214.jpeg" alt="" />
				</a>
						<h3>
				<a href=https://helsesikkerhetsdagen.no/2023/speaker/aasta-hetland/ title="Aasta Hetland" tabindex="0">Aasta Hetland</a>			</h3>
								Aasta Margrethe Hetland er seniorrådgiver og jurist i Direktoratet for e-helse og leder for sekretariatet for Normen; Norm &#8230;
		<a href="https://helsesikkerhetsdagen.no/2023/speaker/bjorn-astad/" target="_self" rel="noopener"></a>		
														<a href="https://helsesikkerhetsdagen.no/2023/speaker/bjorn-astad/" target="_self" title="Bjørn Astad" rel="noopener">
				<img decoding="async" src="https://helsesikkerhetsdagen.no/2023/wp-content/uploads/sites/2/2023/03/Bjorn-Astad.jpg" alt="" />
				</a>
						<h3>
				<a href=https://helsesikkerhetsdagen.no/2023/speaker/bjorn-astad/ title="Bjørn Astad" tabindex="0">Bjørn Astad</a>			</h3>
								Bjørn er Spesialrådgiver i Administrasjonsavdelingen, seksjon for internasjonalt samarbeid og beredskap, Helse og Omsorgsdepartementet.
		<a href="https://helsesikkerhetsdagen.no/2023/speaker/inge-kampenes/" target="_self" rel="noopener"></a>		
														<a href="https://helsesikkerhetsdagen.no/2023/speaker/inge-kampenes/" target="_self" title="Inge Kampenes" rel="noopener">
				<img decoding="async" src="https://helsesikkerhetsdagen.no/2023/wp-content/uploads/sites/2/2023/03/Inge-Kampenes-2048x2048-1.jpg" alt="" />
				</a>
						<h3>
				<a href=https://helsesikkerhetsdagen.no/2023/speaker/inge-kampenes/ title="Inge Kampenes" tabindex="0">Inge Kampenes</a>			</h3>
								Inge Kampenes er spesialrådgiver i Advansia. Han er tidligere generalmajor og sjef for Cyberforsvaret i Norge. I Cyberforsvaret &#8230;
		<a href="https://helsesikkerhetsdagen.no/2023/speaker/jan-gunnar-broch/" target="_self" rel="noopener"></a>		
														<a href="https://helsesikkerhetsdagen.no/2023/speaker/jan-gunnar-broch/" target="_self" title="Jan Gunnar Broch" rel="noopener">
				<img decoding="async" src="https://helsesikkerhetsdagen.no/2023/wp-content/uploads/sites/2/2023/04/Jan-Gunnar-Broch-e1681464032802.jpg" alt="" />
				</a>
						<h3>
				<a href=https://helsesikkerhetsdagen.no/2023/speaker/jan-gunnar-broch/ title="Jan Gunnar Broch" tabindex="0">Jan Gunnar Broch</a>			</h3>
								Jan Gunnar leder seksjon informasjonssikkerhet i Direktoratet for e-helse og har ledet prosjektet som utarbeider strategien. Han har &#8230;
		<a href="https://helsesikkerhetsdagen.no/2023/speaker/sverre-fossen/" target="_self" rel="noopener"></a>		
														<a href="https://helsesikkerhetsdagen.no/2023/speaker/sverre-fossen/" target="_self" title="Sverre Fossen" rel="noopener">
				<img decoding="async" src="https://helsesikkerhetsdagen.no/2023/wp-content/uploads/sites/2/2023/03/Sverre-Fossen-1.jpg" alt="" />
				</a>
						<h3>
				<a href=https://helsesikkerhetsdagen.no/2023/speaker/sverre-fossen/ title="Sverre Fossen" tabindex="0">Sverre Fossen</a>			</h3>
								Sverre Fossen er avdelingsdirektør Tjenesteforvaltning i Norsk helsenett.
		<a href="https://helsesikkerhetsdagen.no/2023/speaker/trygve-skarning/" target="_self" rel="noopener"></a>		
														<a href="https://helsesikkerhetsdagen.no/2023/speaker/trygve-skarning/" target="_self" title="Trygve Skarning" rel="noopener">
				<img decoding="async" src="https://helsesikkerhetsdagen.no/2023/wp-content/uploads/sites/2/2023/03/Trygve-Skarning.jpg" alt="" />
				</a>
						<h3>
				<a href=https://helsesikkerhetsdagen.no/2023/speaker/trygve-skarning/ title="Trygve Skarning" tabindex="0">Trygve Skarning</a>			</h3>
								Trygve Skarning er seniorrådgiver informasjonssikkerhet hos Sykehuspartner HF.

<p>Årets speakere Her er årets speakere! Inge Kampenes kommer! Han er spesialrådgiver i Advansia, og tidligere generalmajor og sjef for Cyberforsvaret i Norge. Han har omfattende erfaring med cyber- og informasjonssikkerhet i både stats- og samfunnsperspektiv Aasta Hetland Aasta Margrethe Hetland er seniorrådgiver og jurist i Direktoratet for e-helse og leder for sekretariatet for Normen;&hellip;</p>
