{"id":270,"date":"2023-03-07T10:20:49","date_gmt":"2023-03-07T09:20:49","guid":{"rendered":"https:\/\/helsesikkerhetsdagen.no\/2023\/?page_id=270"},"modified":"2023-05-30T14:07:46","modified_gmt":"2023-05-30T12:07:46","slug":"program","status":"publish","type":"page","link":"https:\/\/helsesikkerhetsdagen.no\/2023\/program\/","title":{"rendered":"Program"},"content":{"rendered":"\n<h1>\n\t\tProgram\n\t<\/h1>\n\t<strong>09:00-09:45<\/strong><br \/>\nSal 1\n<h2>\n\t\t<a href=\"https:\/\/helsesikkerhetsdagen.no\/2023\/session\/apning-av-helsesikkerhetsdagen-2023\/\" title=\"Helsedata i krisetid\" target=\"_self\" rel=\"noopener\">\n\t\tHelsedata i krisetid\n\t\t<\/a>\n\t<\/h2>\n\t<p>Vi \u00f8nsker mest mulig flyt i v\u00e5re helsedata. Men hva gj\u00f8r vi n\u00e5r krig og andre kriser truer oss? Har vi nok kompetanse for\u00a0\u00e5\u00a0sikre\u00a0oss?<\/p>\n<p><strong>Moderator: <\/strong>Nard Schreurs, EHiN<\/p>\n<p><strong>Speakere:<\/strong><\/p>\n<ul>\n<li><a href=\"https:\/\/helsesikkerhetsdagen.no\/2023\/speaker\/inge-kampenes\/\">Inge Kampenes<\/a>, spesialr\u00e5dgiver i Advansia<\/li>\n<li><a href=\"https:\/\/helsesikkerhetsdagen.no\/2023\/speaker\/bjorn-astad\/\">Bj\u00f8rn Astad<\/a>, spesialr\u00e5dgiver sikkerhet og beredskap, Helse- og Omsorgsdepartementet<\/li>\n<li><a href=\"https:\/\/helsesikkerhetsdagen.no\/2023\/speaker\/jan-gunnar-broch\/\" target=\"_blank\" rel=\"noopener\">Jan Gunnar Broch<\/a>, leder seksjon informasjonssikkerhet i Direktoratet for e-helse<\/li>\n<\/ul>\n\t<p><strong>09:45-10:00<\/strong><\/p>\n<h2>\n\t\tPause\n\t<\/h2>\n\t<strong>10:00-11:00<\/strong><br \/>\nSal 1\n<h2>\n\t\t<a href=\"https:\/\/helsesikkerhetsdagen.no\/2023\/session\/plenum-2\/\" title=\"Trusselvurdering for spesialisthelsetjenesten 2023\" target=\"_self\" rel=\"noopener\">\n\t\tTrusselvurdering for spesialisthelsetjenesten 2023\n\t\t<\/a>\n\t<\/h2>\n\t<strong>Fersk rapport om trusselvurdering i Helse S\u00f8r-\u00d8st<\/strong><em><br \/>\nv\/ <a href=\"https:\/\/helsesikkerhetsdagen.no\/2023\/speaker\/trygve-skarning\/\">Trygve<\/a> <a href=\"https:\/\/helsesikkerhetsdagen.no\/2023\/speaker\/trygve-skarning\/\">Skarning<\/a>, seniorr\u00e5dgiver i Sykehuspartner HF<\/em>\n<p>En viktig oppgave for Sykehuspartner er \u00e5 s\u00f8rge for at alle helseforetakene i Helse S\u00f8r-\u00d8st har et forutsigbart trussel- og risikobilde.<\/p>\n<p>Sykehuspartner HF har sammen med de tre \u00f8vrige regionale IKT-selskapene og Helse CERT for tredje gang utarbeidet en \u00e5rlig trusselvurderingsrapport som vil v\u00e6re gjeldende for hele den nasjonale spesialisthelsetjenesten. Trygve Skarning gir oss en gjennomgang og noen smakebiter allerede under Helsesikkerhetsdagen.<\/p>\n<p><strong>Moderator:<\/strong> Nard Schreurs, EHiN<\/p>\n<p><strong>20 minutter sp\u00f8rsm\u00e5l, svar og prat med Helse Nord IKT og HelseCERT &#8211; NHN<\/strong><\/p>\n<ul>\n<li><a href=\"https:\/\/helsesikkerhetsdagen.no\/2023\/speaker\/jorgen-bohnsdalen\/\">J\u00f8rgen B\u00f8hnsdalen<\/a>, Sikkerhetsanalytiker i HelseCERT, Norsk Helsenett<\/li>\n<li><a href=\"https:\/\/helsesikkerhetsdagen.no\/2023\/speaker\/richard-berntsen\/\">Richard Berntsen<\/a>, Sikkerhetsr\u00e5dgiver i Helse Nord IKT<\/li>\n<\/ul>\n\t<p><strong>11:00-11:15<\/strong><\/p>\n<h2>\n\t\tPause\n\t<\/h2>\n\t<strong>11:15-12:00<\/strong><br \/>\nSal 1\n<h2>\n\t\t<a href=\"https:\/\/helsesikkerhetsdagen.no\/2023\/session\/plenum-3\/\" title=\"From Vulnerability to Visibility: Strengthening Cybersecurity and Observability of Medical Devices\" target=\"_self\" rel=\"noopener\">\n\t\tFrom Vulnerability to Visibility: Strengthening Cybersecurity and Observability of Medical Devices\n\t\t<\/a>\n\t<\/h2>\n\t<p><strong>Moderator:<\/strong> Iselin Holmedal Marstrander, forretningsutvikler innen politikk og samfunn i EHiN<\/p>\n<strong>From Vulnerability to Visibility: Strengthening Cybersecurity and Observability of Medical Devices<\/strong><br \/>\n<em>v\/ <a href=\"https:\/\/helsesikkerhetsdagen.no\/2023\/speaker\/veronica-schmitt\/\">Veronica Schmitt<\/a>, Assistant Professor\/Security Researcher, Noroff University &amp; <a href=\"https:\/\/helsesikkerhetsdagen.no\/2023\/speaker\/glenn-haarseide\/\">Glenn Haarseide<\/a>, Sr. Systems Engineer, Palo Alto Networks<\/em>\n\t<strong>12:00-12:45<\/strong><br \/>\nSpiseomr\u00e5det\n<h2>\n\t\tLunsj &#8211; buffet i restauranten\n\t<\/h2>\n\t<p><strong>12:45-13:30<\/strong><\/p>\n<h2>\n\t\t<a href=\"https:\/\/helsesikkerhetsdagen.no\/2023\/session\/plenum-4\/\" title=\"Integrert sikkerhet\" target=\"_self\" rel=\"noopener\">\n\t\tIntegrert sikkerhet\n\t\t<\/a>\n\t<\/h2>\n\t<p>Sal 1<\/p>\n<p><strong>Moderator:<\/strong> Iselin Holmedal Marstrander, forretningsutvikler innen politikk og samfunn i EHiN<\/p>\n<strong>Multi Cloud Security<br \/>\n<\/strong><em>v\/ <a href=\"https:\/\/helsesikkerhetsdagen.no\/2023\/speaker\/steffen-moen\/\">Steffen Moen<\/a>, Lead Solution Engineer, VMWare<\/em><strong><br \/>\n<\/strong>\nSikkerhet har aldri v\u00e6rt enkelt, men n\u00e5r helsesektoren n\u00e5 strekker seg ut i skyen er det fort gjort \u00e5 skape nye blindsoner.<br \/>\nMed flere verkt\u00f8y, nye kompetanseomr\u00e5der og tjenester som spenner p\u00e5 tvers av ulike skyer er det viktigere enn noen gang \u00e5 tenke helhetlig og smart rundt sikkerhet.<br \/>\nVi vil vise hvordan det er mulig \u00e5 levere tjenester p\u00e5 en enhetlig m\u00e5te, selv om de utnytter fordelene av egen lokal sky eller Public Cloud.\n<strong>Kunstig intelligens i gale hender &#8211; Hva gj\u00f8r vi n\u00e5?<\/strong><br \/>\n<em>v\/ <a href=\"https:\/\/helsesikkerhetsdagen.no\/2023\/speaker\/robert-oxholm-orsnes\/\">Robert \u00d8rsnes<\/a>, Strategic Account Executive Nordics, VMWare<\/em>\n<p>Kunstig intelligens er viktig for helsesektoren og vi har bare s\u00e5 vidt begynt \u00e5 ta i bruk denne teknologien og med \u00e5pen tilgang til kunstig intelligens er det ikke lenger bare de kommersielle akt\u00f8rene som har tilgang til denne teknologien. M\u00f8rke krefter er allerede i sving med det samme, om ikke med mer kraft enn vi har, og det gj\u00f8r at vi m\u00e5 begynne \u00e5 ta i bruk alle funksjoner og informasjon vi har tilgjengelig, fra alle grener av IT-driften, for \u00e5 kunne oppdage og stoppe angrep.<\/p>\n<p>&nbsp;<\/p>\n\t<p><strong>13:30-13:45<\/strong><\/p>\n<h2>\n\t\tPause\n\t<\/h2>\n\t<p><strong>13:45-14:30<\/strong><\/p>\n<h2>\n\t\t<a href=\"https:\/\/helsesikkerhetsdagen.no\/2023\/session\/plenum-5\/\" title=\"Sikkerhet, tilgjengelighet og erfaringer fra kommuner\" target=\"_self\" rel=\"noopener\">\n\t\tSikkerhet, tilgjengelighet og erfaringer fra kommuner\n\t\t<\/a>\n\t<\/h2>\n\t<p>Sal 1<\/p>\n<p><strong>Moderator:<\/strong> Iselin Holmedal Marstrander, forretningsutvikler innen politikk og samfunn i EHiN<\/p>\n<strong>Erfaringer med sikkerhet fra kommunen<\/strong><br \/>\n<em>v\/ <a href=\"https:\/\/helsesikkerhetsdagen.no\/2023\/speaker\/bjorn-t-tveiten\/\">Bj\u00f8rn T. Tveiten<\/a>, Daglig leder\/direkt\u00f8r Kommune-CSIRT IKS<\/em>\n<strong>Hvordan arbeider Helse S\u00f8r-\u00d8st med informasjonssikkerhet?<br \/>\n<\/strong><em>v\/ <a href=\"https:\/\/helsesikkerhetsdagen.no\/2023\/speaker\/oyvind-grinde\/\">\u00d8yvind Grinde<\/a>, Cand. Scient. i matematikk fra Universitetet i Troms\u00f8<\/em>\n<p>Helse S\u00f8r-\u00d8st behandler store menger helseopplysninger. Opplysningene skal v\u00e6re tilgjengelig for de med tjenstlig behov og utilgjengelig for uvedkommende. Trusselbildet er i konstant endring som f\u00f8lge av trusselakt\u00f8renes tilpasningsevne og kontinuerlige utvikling av verkt\u00f8y og metoder. Dette medf\u00f8rer at sikkerhetsmekanismene l\u00f8pende m\u00e5 justeres for \u00e5 holde risikoniv\u00e5et stabilt.<\/p>\n\t<p><strong>14:30-14:45<\/strong><\/p>\n<h2>\n\t\tPause\n\t<\/h2>\n\t<p><strong>14:45-16:00<\/strong><\/p>\n<h2>\n\t\t<a href=\"https:\/\/helsesikkerhetsdagen.no\/2023\/session\/plenum-6\/\" title=\"Sikkerhet i IoT med en holistisk tiln\u00e6rming\" target=\"_self\" rel=\"noopener\">\n\t\tSikkerhet i IoT med en holistisk tiln\u00e6rming\n\t\t<\/a>\n\t<\/h2>\n\t<p>Sal 1<\/p>\n<p><strong>Moderator: <\/strong>Nard Schreurs, EHiN<\/p>\n<strong>Privacy Management of Welfare Technologies in the Home Environment<br \/>\n<\/strong><em>v\/ <a href=\"https:\/\/helsesikkerhetsdagen.no\/2023\/speaker\/bian-yang\/\">Bian Yang<\/a>, F\u00f8rsteamanuensis ved NTNU, Institutt for informasjonssikkerhet og kommunikasjonsteknologi<br \/>\n<\/em>We invite through this talk discussion on how to manage the privacy when IoT and welfare technologies are deployed in a private home environment which is an open and unstructured context with possible multiple users.\n<strong>Informasjonssikkerhetsledelse &#8211; En holistisk tiln\u00e6rming<br \/>\n<\/strong><em>v\/ <a href=\"https:\/\/helsesikkerhetsdagen.no\/2023\/speaker\/dinh-uy-tran\/\">Dinh Uy Tran<\/a>, Ph.D-kandidat ved Institutt for Informatikk ved UiO, Spesialr\u00e5dgiver Sykehuspartner<\/em>\n<p>Hvordan kan vi rigge oss slik at fremtidens informasjonssikkerhetsspesialister har n\u00f8dvendig kompetanse for \u00e5 kommunisere informasjonssikkerhet i et spr\u00e5k som ledelsen forst\u00e5r og for \u00e5 kunne hjelpe ledelsen til \u00e5 ta gode beslutninger? Dinh Uy Tran vil gjennomg\u00e5 hvorfor dette er hans hjertesak og gi en smakebit fra hans bok \u00abInformasjonssikkerhetsledelse- En holistisk tiln\u00e6rming\u00bb. Han vil dessuten presentere en metode for \u00e5 l\u00e6re det han kaller \u00abledelsesspr\u00e5ket innen informasjonssikkerhet\u00bb, og som han mener b\u00f8r v\u00e6re en integrert del av informasjonssikkerhetsfaget.<\/p>\n<strong>Hva r\u00f8rer seg i sektoren?<\/strong><br \/>\n<em>v\/ <a href=\"https:\/\/helsesikkerhetsdagen.no\/2023\/speaker\/aasta-hetland\/\">Aasta Hetland<\/a>, Seniorr\u00e5dgiver og jurist i Direktoratet for e-helse<br \/>\n<\/em>Og hva gj\u00f8r sektoren selv med det? Sekretariatet for Normen presenterer erfaringer og planer for i \u00e5r og de neste \u00e5rene<em><br \/>\n<\/em>\n\n","protected":false},"excerpt":{"rendered":"<p>Program 09:00-09:45 Sal 1 Helsedata i krisetid Vi \u00f8nsker mest mulig flyt i v\u00e5re helsedata. Men hva gj\u00f8r vi n\u00e5r krig og andre kriser truer oss? Har vi nok kompetanse for\u00a0\u00e5\u00a0sikre\u00a0oss? Moderator: Nard Schreurs, EHiN Speakere: Inge Kampenes, spesialr\u00e5dgiver i Advansia Bj\u00f8rn Astad, spesialr\u00e5dgiver sikkerhet og beredskap, Helse- og Omsorgsdepartementet Jan Gunnar Broch, leder seksjon&hellip;<\/p>\n","protected":false},"author":2,"featured_media":0,"parent":0,"menu_order":0,"comment_status":"closed","ping_status":"closed","template":"","meta":{"_acf_changed":false,"footnotes":""},"class_list":["post-270","page","type-page","status-publish","hentry"],"acf":[],"_links":{"self":[{"href":"https:\/\/helsesikkerhetsdagen.no\/2023\/wp-json\/wp\/v2\/pages\/270","targetHints":{"allow":["GET"]}}],"collection":[{"href":"https:\/\/helsesikkerhetsdagen.no\/2023\/wp-json\/wp\/v2\/pages"}],"about":[{"href":"https:\/\/helsesikkerhetsdagen.no\/2023\/wp-json\/wp\/v2\/types\/page"}],"author":[{"embeddable":true,"href":"https:\/\/helsesikkerhetsdagen.no\/2023\/wp-json\/wp\/v2\/users\/2"}],"replies":[{"embeddable":true,"href":"https:\/\/helsesikkerhetsdagen.no\/2023\/wp-json\/wp\/v2\/comments?post=270"}],"version-history":[{"count":76,"href":"https:\/\/helsesikkerhetsdagen.no\/2023\/wp-json\/wp\/v2\/pages\/270\/revisions"}],"predecessor-version":[{"id":521,"href":"https:\/\/helsesikkerhetsdagen.no\/2023\/wp-json\/wp\/v2\/pages\/270\/revisions\/521"}],"wp:attachment":[{"href":"https:\/\/helsesikkerhetsdagen.no\/2023\/wp-json\/wp\/v2\/media?parent=270"}],"curies":[{"name":"wp","href":"https:\/\/api.w.org\/{rel}","templated":true}]}}

<h1>
		Program
	</h1>
	<strong>09:00-09:45</strong><br />
Sal 1
<h2>
		<a href="https://helsesikkerhetsdagen.no/2023/session/apning-av-helsesikkerhetsdagen-2023/" title="Helsedata i krisetid" target="_self" rel="noopener">
		Helsedata i krisetid
		</a>
	</h2>
	<p>Vi ønsker mest mulig flyt i våre helsedata. Men hva gjør vi når krig og andre kriser truer oss? Har vi nok kompetanse for å sikre oss?</p>
<p><strong>Moderator: </strong>Nard Schreurs, EHiN</p>
<p><strong>Speakere:</strong></p>
<ul>
<li><a href="https://helsesikkerhetsdagen.no/2023/speaker/inge-kampenes/">Inge Kampenes</a>, spesialrådgiver i Advansia</li>
<li><a href="https://helsesikkerhetsdagen.no/2023/speaker/bjorn-astad/">Bjørn Astad</a>, spesialrådgiver sikkerhet og beredskap, Helse- og Omsorgsdepartementet</li>
<li><a href="https://helsesikkerhetsdagen.no/2023/speaker/jan-gunnar-broch/" target="_blank" rel="noopener">Jan Gunnar Broch</a>, leder seksjon informasjonssikkerhet i Direktoratet for e-helse</li>
</ul>
	<p><strong>09:45-10:00</strong></p>
<h2>
		Pause
	</h2>
	<strong>10:00-11:00</strong><br />
Sal 1
<h2>
		<a href="https://helsesikkerhetsdagen.no/2023/session/plenum-2/" title="Trusselvurdering for spesialisthelsetjenesten 2023" target="_self" rel="noopener">
		Trusselvurdering for spesialisthelsetjenesten 2023
		</a>
	</h2>
	<strong>Fersk rapport om trusselvurdering i Helse Sør-Øst</strong><em><br />
v/ <a href="https://helsesikkerhetsdagen.no/2023/speaker/trygve-skarning/">Trygve</a> <a href="https://helsesikkerhetsdagen.no/2023/speaker/trygve-skarning/">Skarning</a>, seniorrådgiver i Sykehuspartner HF</em>
<p>En viktig oppgave for Sykehuspartner er å sørge for at alle helseforetakene i Helse Sør-Øst har et forutsigbart trussel- og risikobilde.</p>
<p>Sykehuspartner HF har sammen med de tre øvrige regionale IKT-selskapene og Helse CERT for tredje gang utarbeidet en årlig trusselvurderingsrapport som vil være gjeldende for hele den nasjonale spesialisthelsetjenesten. Trygve Skarning gir oss en gjennomgang og noen smakebiter allerede under Helsesikkerhetsdagen.</p>
<p><strong>Moderator:</strong> Nard Schreurs, EHiN</p>
<p><strong>20 minutter spørsmål, svar og prat med Helse Nord IKT og HelseCERT &#8211; NHN</strong></p>
<ul>
<li><a href="https://helsesikkerhetsdagen.no/2023/speaker/jorgen-bohnsdalen/">Jørgen Bøhnsdalen</a>, Sikkerhetsanalytiker i HelseCERT, Norsk Helsenett</li>
<li><a href="https://helsesikkerhetsdagen.no/2023/speaker/richard-berntsen/">Richard Berntsen</a>, Sikkerhetsrådgiver i Helse Nord IKT</li>
</ul>
	<p><strong>11:00-11:15</strong></p>
<h2>
		Pause
	</h2>
	<strong>11:15-12:00</strong><br />
Sal 1
<h2>
		<a href="https://helsesikkerhetsdagen.no/2023/session/plenum-3/" title="From Vulnerability to Visibility: Strengthening Cybersecurity and Observability of Medical Devices" target="_self" rel="noopener">
		From Vulnerability to Visibility: Strengthening Cybersecurity and Observability of Medical Devices
		</a>
	</h2>
	<p><strong>Moderator:</strong> Iselin Holmedal Marstrander, forretningsutvikler innen politikk og samfunn i EHiN</p>
<strong>From Vulnerability to Visibility: Strengthening Cybersecurity and Observability of Medical Devices</strong><br />
<em>v/ <a href="https://helsesikkerhetsdagen.no/2023/speaker/veronica-schmitt/">Veronica Schmitt</a>, Assistant Professor/Security Researcher, Noroff University &amp; <a href="https://helsesikkerhetsdagen.no/2023/speaker/glenn-haarseide/">Glenn Haarseide</a>, Sr. Systems Engineer, Palo Alto Networks</em>
	<strong>12:00-12:45</strong><br />
Spiseområdet
<h2>
		Lunsj &#8211; buffet i restauranten
	</h2>
	<p><strong>12:45-13:30</strong></p>
<h2>
		<a href="https://helsesikkerhetsdagen.no/2023/session/plenum-4/" title="Integrert sikkerhet" target="_self" rel="noopener">
		Integrert sikkerhet
		</a>
	</h2>
	<p>Sal 1</p>
<p><strong>Moderator:</strong> Iselin Holmedal Marstrander, forretningsutvikler innen politikk og samfunn i EHiN</p>
<strong>Multi Cloud Security<br />
</strong><em>v/ <a href="https://helsesikkerhetsdagen.no/2023/speaker/steffen-moen/">Steffen Moen</a>, Lead Solution Engineer, VMWare</em><strong><br />
</strong>
Sikkerhet har aldri vært enkelt, men når helsesektoren nå strekker seg ut i skyen er det fort gjort å skape nye blindsoner.<br />
Med flere verktøy, nye kompetanseområder og tjenester som spenner på tvers av ulike skyer er det viktigere enn noen gang å tenke helhetlig og smart rundt sikkerhet.<br />
Vi vil vise hvordan det er mulig å levere tjenester på en enhetlig måte, selv om de utnytter fordelene av egen lokal sky eller Public Cloud.
<strong>Kunstig intelligens i gale hender &#8211; Hva gjør vi nå?</strong><br />
<em>v/ <a href="https://helsesikkerhetsdagen.no/2023/speaker/robert-oxholm-orsnes/">Robert Ørsnes</a>, Strategic Account Executive Nordics, VMWare</em>
<p>Kunstig intelligens er viktig for helsesektoren og vi har bare så vidt begynt å ta i bruk denne teknologien og med åpen tilgang til kunstig intelligens er det ikke lenger bare de kommersielle aktørene som har tilgang til denne teknologien. Mørke krefter er allerede i sving med det samme, om ikke med mer kraft enn vi har, og det gjør at vi må begynne å ta i bruk alle funksjoner og informasjon vi har tilgjengelig, fra alle grener av IT-driften, for å kunne oppdage og stoppe angrep.</p>
<p>&nbsp;</p>
	<p><strong>13:30-13:45</strong></p>
<h2>
		Pause
	</h2>
	<p><strong>13:45-14:30</strong></p>
<h2>
		<a href="https://helsesikkerhetsdagen.no/2023/session/plenum-5/" title="Sikkerhet, tilgjengelighet og erfaringer fra kommuner" target="_self" rel="noopener">
		Sikkerhet, tilgjengelighet og erfaringer fra kommuner
		</a>
	</h2>
	<p>Sal 1</p>
<p><strong>Moderator:</strong> Iselin Holmedal Marstrander, forretningsutvikler innen politikk og samfunn i EHiN</p>
<strong>Erfaringer med sikkerhet fra kommunen</strong><br />
<em>v/ <a href="https://helsesikkerhetsdagen.no/2023/speaker/bjorn-t-tveiten/">Bjørn T. Tveiten</a>, Daglig leder/direktør Kommune-CSIRT IKS</em>
<strong>Hvordan arbeider Helse Sør-Øst med informasjonssikkerhet?<br />
</strong><em>v/ <a href="https://helsesikkerhetsdagen.no/2023/speaker/oyvind-grinde/">Øyvind Grinde</a>, Cand. Scient. i matematikk fra Universitetet i Tromsø</em>
<p>Helse Sør-Øst behandler store menger helseopplysninger. Opplysningene skal være tilgjengelig for de med tjenstlig behov og utilgjengelig for uvedkommende. Trusselbildet er i konstant endring som følge av trusselaktørenes tilpasningsevne og kontinuerlige utvikling av verktøy og metoder. Dette medfører at sikkerhetsmekanismene løpende må justeres for å holde risikonivået stabilt.</p>
	<p><strong>14:30-14:45</strong></p>
<h2>
		Pause
	</h2>
	<p><strong>14:45-16:00</strong></p>
<h2>
		<a href="https://helsesikkerhetsdagen.no/2023/session/plenum-6/" title="Sikkerhet i IoT med en holistisk tilnærming" target="_self" rel="noopener">
		Sikkerhet i IoT med en holistisk tilnærming
		</a>
	</h2>
	<p>Sal 1</p>
<p><strong>Moderator: </strong>Nard Schreurs, EHiN</p>
<strong>Privacy Management of Welfare Technologies in the Home Environment<br />
</strong><em>v/ <a href="https://helsesikkerhetsdagen.no/2023/speaker/bian-yang/">Bian Yang</a>, Førsteamanuensis ved NTNU, Institutt for informasjonssikkerhet og kommunikasjonsteknologi<br />
</em>We invite through this talk discussion on how to manage the privacy when IoT and welfare technologies are deployed in a private home environment which is an open and unstructured context with possible multiple users.
<strong>Informasjonssikkerhetsledelse &#8211; En holistisk tilnærming<br />
</strong><em>v/ <a href="https://helsesikkerhetsdagen.no/2023/speaker/dinh-uy-tran/">Dinh Uy Tran</a>, Ph.D-kandidat ved Institutt for Informatikk ved UiO, Spesialrådgiver Sykehuspartner</em>
<p>Hvordan kan vi rigge oss slik at fremtidens informasjonssikkerhetsspesialister har nødvendig kompetanse for å kommunisere informasjonssikkerhet i et språk som ledelsen forstår og for å kunne hjelpe ledelsen til å ta gode beslutninger? Dinh Uy Tran vil gjennomgå hvorfor dette er hans hjertesak og gi en smakebit fra hans bok «Informasjonssikkerhetsledelse- En holistisk tilnærming». Han vil dessuten presentere en metode for å lære det han kaller «ledelsesspråket innen informasjonssikkerhet», og som han mener bør være en integrert del av informasjonssikkerhetsfaget.</p>
<strong>Hva rører seg i sektoren?</strong><br />
<em>v/ <a href="https://helsesikkerhetsdagen.no/2023/speaker/aasta-hetland/">Aasta Hetland</a>, Seniorrådgiver og jurist i Direktoratet for e-helse<br />
</em>Og hva gjør sektoren selv med det? Sekretariatet for Normen presenterer erfaringer og planer for i år og de neste årene<em><br />
</em>

<p>Program 09:00-09:45 Sal 1 Helsedata i krisetid Vi ønsker mest mulig flyt i våre helsedata. Men hva gjør vi når krig og andre kriser truer oss? Har vi nok kompetanse for å sikre oss? Moderator: Nard Schreurs, EHiN Speakere: Inge Kampenes, spesialrådgiver i Advansia Bjørn Astad, spesialrådgiver sikkerhet og beredskap, Helse- og Omsorgsdepartementet Jan Gunnar Broch, leder seksjon&hellip;</p>
